y(u) = 3*u**2 - 12*u + 3*u + 14 + 4*u - 3 - 5*u. Calculate y(3).
8
Suppose -134*d + 36 = -130*d. Let j(f) = 9 - 23*f**3 + 9*f**2 + 13*f**3 + 11*f**3 + d*f. Let t be j(-8). Let v(b) = -3*b**3 + 1. Determine v(t).
-2
Let u(o) = 4*o**2 - 2*o - 1. Let n be 17 + -29 + (13 - (-3 + 6)). Give u(n).
19
Let q(v) = 14*v - v**2 - 71*v + 11*v - 46 + 12*v + 18*v. Determine q(-12).
2
Let n(q) = 3*q + 7. Let t(w) = -14*w - w - w - 50 + 5*w. Let b be t(-4). What is n(b)?
-11
Suppose 19*w - 11*w = 24. Let m(s) = -s + 9. Let o be m(13). Let q be (-1)/(w*o/12). Let x(z) = 8*z**3 - z**2 + 1. Give x(q).
8
Let f(t) = -t**2 + 5*t + 2. Let x(o) = -o**3 - 9*o**2 - 2*o - 6. Let i be 12/3 + 0 + -13. Let z be x(i). Let d be -1 + 152/26 + z/78. Give f(d).
2
Let c be (-1425)/(-20) - 3 - (-3)/(-12). Let u = 88 - c. Let d = 16 - u. Let h(f) = 2*f - 1. Determine h(d).
-9
Let f(s) = -s**3 + 8*s**2 - 8*s - 14. Suppose -2*i = l + 45 - 53, 3*i - 4*l = 45. Calculate f(i).
-21
Suppose -51*t - 12*t - 157 + 1228 = 0. Let h(i) = 4*i - 60. Calculate h(t).
8
Let t(x) = 4*x - 49. Suppose -2*z = -0*z + 2*b - 1706, -3*b - 1691 = -2*z. Suppose 55*f = -245 + z. What is t(f)?
-5
Let i(s) = 66 + 21420*s + s**2 + 21427*s - 42831*s. What is i(-9)?
3
Let i(n) = -5*n + 76. Let w = -2130 - -2146. Give i(w).
-4
Let q(x) = x**3 - x**2 + 3*x + 4. Suppose 107*m - 112*m = 15. Calculate q(m).
-41
Let b be (0 - 1)*0 - -14. Suppose 0*d = -3*d - 9, 2*m + 5*d + 47 = 0. Let x = b + m. Let f(g) = 3*g**3 - 4*g - 3. Determine f(x).
-19
Let j(g) = -g**3 - 81*g**2 + 168*g + 165. Let z be j(-83). Let k(x) = 28*x**3 - 2*x - 2. What is k(z)?
-28
Let h(j) = -2*j**3 + 10*j**2 + 3*j - 10. Suppose 69*k = 21*k - 1119 + 1359. Give h(k).
5
Let m(v) = 19*v**3 + 2*v**2 + 6*v - 1. Let l be 24/6*(-3)/(-6) - -3. Let u(x) = 28*x**3 + 3*x**2 + 9*x - 1. Let f(o) = l*u(o) - 7*m(o). Give f(-1).
-7
Let h(k) be the third derivative of 7*k**5/60 - k**3/6 + k**2 - 560. Suppose -2*c - 13 + 11 = 0. Calculate h(c).
6
Let n(z) = 3*z**2 + 13*z + 32. Let u be -1*(7 + -9) - (5 - (2 - 3)). Determine n(u).
28
Suppose 51*u = -32*u + 35*u + 192. Let r(y) = y**3 - 2*y**2 + 3*y. Determine r(u).
44
Let b(x) = -11*x**2 - 53*x - 8. Suppose 312 - 553 = -14*l - 311. Calculate b(l).
-18
Let s = -305 - -315. Let z(p) = -8*p + 72. Calculate z(s).
-8
Let d(s) be the third derivative of s**4/3 - 4*s**3/3 + 1903*s**2 - s. Determine d(5).
32
Let s be (-2 + 4 + 53)/5. Let u(b) = b**3 - 13*b**2 + 23*b - 11. What is u(s)?
0
Let b(p) = -p**3 + 12*p**2 + 27*p + 24. Suppose -32*z + 17*z = -210. Calculate b(z).
10
Let p = -173 - -176. Let a(f) = -2 - 214*f + 0*f**3 + 3*f**2 + 213*f + 2*f**p. Let n(l) = l**2 - 5*l + 4. Let m be n(3). Determine a(m).
-4
Let p(k) be the third derivative of -k**4/6 - 16*k**3/3 + 62*k**2. Let q be p(-6). Let m(t) = -t**3 - 7*t**2 + 12*t + 5. Calculate m(q).
-27
Let q(p) = -p**3 - 43*p**2 - 223*p - 32. Let o be q(-37). Let f(g) = -4*g**2 + 19*g. Give f(o).
-5
Let f(t) = -1599564 + t**2 + 25*t + 6*t + 1599788. Give f(-20).
4
Let a be 10/(-15) + (-28)/21. Let p(n) = -2 - n**3 + 2*n - n**3 - n + 0*n**3. Determine p(a).
12
Let z(h) = -h**2 - 2*h. Suppose 4*f - 23 = 89. Suppose 7*s - 21*s - f = 0. Determine z(s).
0
Suppose -40*u + 77 - 197 = 0. Let q(n) = 9*n + 22. Calculate q(u).
-5
Let i be (0 + 0)/(11 - 12). Let a(h) = -h**3 + 3*h**2 + 3*h + 7. Let x be a(4). Suppose -x*k + 8 + 16 = i. Let f(s) = s - 1. Calculate f(k).
7
Suppose -10*s - 67 + 27 = 0. Let g(q) be the second derivative of -q**4/12 - q**3/3 - 2*q**2 - 588*q. What is g(s)?
-12
Suppose 5*w = -5*h + 20, -4*w - 139*h - 38 = -141*h. Let i(p) be the first derivative of p**4/4 + 2*p**3 + p**2 - 5*p + 1. Give i(w).
10
Suppose -3 = -9*q + 6. Let s(o) = 2*o**2 - 5*o + o**3 - 6*o**2 - 5 + 3 - q. Calculate s(5).
-3
Let y(o) be the second derivative of 67 - o**2 - 2*o - 7/6*o**3. Calculate y(-2).
12
Let u(b) = -b**3 - 47*b**2 - 99*b - 408. Let n be u(-45). Let o(d) = -4*d - 3. Determine o(n).
9
Let k(z) = 2202 - 27*z + 2*z**2 - 1246 - z**2 - 1150. Give k(33).
4
Suppose 6*h + 5 = 5*n + 11*h, -3 = h. Let x(f) be the third derivative of 0 + 0*f**3 + 0*f - 5/24*f**n + 1/60*f**5 - 18*f**2. What is x(5)?
0
Let z(p) be the first derivative of p**4/4 - 13*p**3/3 + 15*p**2/2 - 35*p - 24. Let j be z(12). Let x(s) = -29*s. Give x(j).
-29
Let p(f) = f**2 - 7*f + 6. Suppose -8*y + 70 + 26 = 0. Let z be (1 - -40) + -10 + y. Suppose 5*t - 3*n - 41 = 0, -6*t + t + z = -4*n. Give p(t).
6
Suppose -66 = 10*r - 6. Let f be 2/(-8)*r*(-320)/96. Let h(z) = 8*z + 1. What is h(f)?
-39
Let v(n) = -12*n + 26 + 19 - 3*n + 3 - 3*n. What is v(3)?
-6
Let z be (-18)/(-126) + (-1056)/(-7). Let x(b) = -50*b**2 - 7 - 49*b**2 + z*b**2 - 48*b**2 + 0*b**3 + b**3. Calculate x(-4).
-7
Let f = 1143 + -1141. Let o(z) be the first derivative of 0*z**f + 1/3*z**3 - 5 - 5*z. Calculate o(-4).
11
Suppose -s = 3*b - 2*s - 43, 4*s = b - 7. Suppose -b = 3*d - 0*d. Let r(z) be the first derivative of -z**4/4 - 5*z**3/3 - z**2 + 2*z + 6. Calculate r(d).
12
Let m = 4 + 2. Let h(w) = w - 14. Let j be h(m). Let d be 2*(252/j)/9. Let n(r) = r**3 + 8*r**2 + 8*r + 1. Calculate n(d).
-6
Let o(j) = -6382 + 2988 + 3072 + 17*j. Determine o(19).
1
Let c(b) = 5*b - 2. Let i be (-94)/(-18) - (-40)/(-180). Suppose 6*z = -i - 1. Give c(z).
-7
Let m(i) be the second derivative of 1/20*i**5 + 0 - 5/12*i**4 + 219*i + 0*i**3 - 1/2*i**2. What is m(5)?
-1
Let p(r) = r**2 - r - 5. Let g(b) = -18*b + 241. Let x be g(13). Let o be (-1 - (0 + x))/(-9 - -7). Give p(o).
7
Let x(d) be the third derivative of -d**5/60 - 7*d**4/6 + 1027*d**3/6 + d**2 + 12*d + 55. What is x(-49)?
-2
Let l(k) = -11*k**3 + 3*k**2 - 2*k - 8. Let g(m) = 25*m**3 - 7*m**2 + 4*m + 17. Let b(j) = -4*g(j) - 9*l(j). Give b(-2).
12
Let z(p) = -6*p - 340. Let m(q) = -q - 68. Let c = -6 + -8. Let t(d) = c*m(d) + 3*z(d). Let k be t(-18). Let j(b) = -b**2 + 2*b. Give j(k).
-8
Let n(s) = -7*s**2 - 2*s + 5. Let x(j) = -10*j**2 + 8 - 6*j**2 + 6 - 3*j - 4. Let t(c) = 7*n(c) - 3*x(c). What is t(-4)?
9
Let v(x) be the second derivative of x**6/60 - 73*x**4/3 + 72*x. Let c(a) be the third derivative of v(a). What is c(-1)?
-12
Let v(d) = 2*d + 6. Let w(a) = -a + 9. Let j be w(7). Let q be -6*(3/j - 5). Suppose -3*g + 0*s = s + q, -3*g + 4*s - 6 = 0. Calculate v(g).
-6
Suppose -2*q + 4*z - 24 = 0, -2*q = -0*q - 2*z + 20. Let u(v) be the third derivative of -v**5/60 - 11*v**4/24 - 7*v**3/2 + 616*v**2. Give u(q).
3
Let m = -8418 - -8429. Let q(l) = -9*l + 69. Determine q(m).
-30
Let p = 283 - 307. Let m be -4 - ((-45)/p + 5/40). Let q(v) be the third derivative of v**4/8 + 5*v**3/2 - 2*v**2. Give q(m).
-3
Suppose -10*p = -4*p - 2124. Let b(o) = -3*o**2 + o**3 + 353*o + 2 - p*o + o**2. Let k be 1*2 - (-8 + (-64)/(-8)). What is b(k)?
0
Suppose 0 = -96*s + 1648 - 592. Let u(w) = 0 + 6 + 2 - w. Determine u(s).
-3
Let s(n) = -n**2 + 5*n + 12. Suppose 35*m = 29*m + 546. Suppose -m*o = -83*o - 48. Calculate s(o).
6
Let c(l) = -5*l**3 - l**2 + 3*l + 2. Let x be c(-2). Let t(j) = 74*j - 264. Let z be t(4). Let q = z - x. Let s(a) = -a**3 + a**2 - a + 9. Calculate s(q).
9
Let r be (15/(-2))/(-3) + (-29)/58. Let v(d) = -61*d + 31*d + 13*d**2 - d**3 + 26 + 17*d**r + 2*d**3. Let i be v(-31). Let y(o) = -3*o - 7. Calculate y(i).
8
Suppose 35*y - 39*y = -20, -i = 5*y - 40. Let k(u) = 15*u - 223. Determine k(i).
2
Let l(g) = -10*g**2 - 3714 + 7423 + g - 3713 + 8*g**2. Give l(0).
-4
Suppose -142*o + 392 + 602 = 0. Let s(d) = 2*d**2 - 3*d - 80. Give s(o).
-3
Suppose 15*q = -j + 11*q + 37, -47 = -3*j + 4*q. Let s(y) be the first derivative of -3*y - j + 5/2*y**2 - 1/3*y**3. What is s(6)?
-9
Let m(b) = 4*b**2 - 17*b + 56. Let h(w) = -w**2 - 4*w. Let z(p) = -3*h(p) - m(p). What is z(27)?
-2
Let x(f) = -8*f**3 - 9*f**2 - 29*f + 44. Let m(i) = 19*i**3 + 19*i**2 + 57*i - 86. Let p(o) = 3*m(o) + 7*x(o). Determine p(9).
5
Suppose p - 16 = 11. Suppose 15*y + p = 18*y. Let t be (-6)/y + 16/(-12). Let m(a) = -3*a**2 + a + 2. What is m(t)?
-12
Let v(w) be the third derivative of w**6/360 - 7*w**5/120 + 31*w**4/12 - 87*w**2 + 1. Let a(m) be the second derivative of v(m). Calculate a(-3).
-13
Let k = 24 - -27. Let q = k - 58. Let a(i) = i**3 + 6*i**2 - 6*i - 1. Calculate a(q).
-8
Let a(w) = -2*w - 16. Let b be a(4). Let v = b - -19. Let f(j) b